

{"id":11,"date":"2011-04-27T07:45:19","date_gmt":"2011-04-27T06:45:19","guid":{"rendered":"http:\/\/localhost\/wp_mfk\/?page_id=11"},"modified":"2025-02-11T20:37:31","modified_gmt":"2025-02-11T19:37:31","slug":"mfk-treffen","status":"publish","type":"page","link":"https:\/\/www.mf-kleinbreitenbronn.de\/?page_id=11","title":{"rendered":"Motorradtreffen 2025"},"content":{"rendered":"\n<figure class=\"wp-block-image size-large\"><a href=\"https:\/\/www.mf-kleinbreitenbronn.de\/wp-content\/uploads\/2025\/02\/flyer_mfk_2025.jpg\"><img loading=\"lazy\" decoding=\"async\" width=\"724\" height=\"1024\" src=\"https:\/\/www.mf-kleinbreitenbronn.de\/wp-content\/uploads\/2025\/02\/flyer_mfk_2025-724x1024.jpg\" alt=\"\" class=\"wp-image-693\" srcset=\"https:\/\/www.mf-kleinbreitenbronn.de\/wp-content\/uploads\/2025\/02\/flyer_mfk_2025-724x1024.jpg 724w, https:\/\/www.mf-kleinbreitenbronn.de\/wp-content\/uploads\/2025\/02\/flyer_mfk_2025-212x300.jpg 212w, https:\/\/www.mf-kleinbreitenbronn.de\/wp-content\/uploads\/2025\/02\/flyer_mfk_2025-768x1086.jpg 768w, https:\/\/www.mf-kleinbreitenbronn.de\/wp-content\/uploads\/2025\/02\/flyer_mfk_2025-1086x1536.jpg 1086w, https:\/\/www.mf-kleinbreitenbronn.de\/wp-content\/uploads\/2025\/02\/flyer_mfk_2025-1449x2048.jpg 1449w, https:\/\/www.mf-kleinbreitenbronn.de\/wp-content\/uploads\/2025\/02\/flyer_mfk_2025.jpg 1600w\" sizes=\"auto, (max-width: 724px) 100vw, 724px\" \/><\/a><\/figure>\n\n\n<div>\n<p>\u00a0<\/p>\n<\/div>\n<div>\n<p>Anfahrt zur MFK &#8211; Bikerparty<\/p>\n<\/div>\n<p>Die Breitenbronner Trinkarena ist gar nicht schwer zu finden ! Gro\u00dfbreitenbronn liegt an der B13 zwischen Ansbach und Gunzenhausen. Von Ansbach kommend f\u00e4hrt man einfach Richtung Gunzenhausen \/ Wei\u00dfenburg \/ M\u00fcnchen. Nach ca. 10 km geht es dann bei Leidendorf links weg Richtung Wolframs-Eschenbach. Dann ca. 2 km und schon sieht man rechter Hand hinter einem kleinen Waldst\u00fcck die Partyzelte. Die Einfahrt zu dem Gel\u00e4nde ist ein Schotterweg gleich nach dem besagtem Waldst\u00fcck.<\/p>\n<p>Von Richtung Gunzenhausen kommend f\u00e4hrt man am besten die B13 Richtung Ansbach. Nach Merkendorf geht es dann nach ca. 3 km vor einer Eisenbahnbr\u00fccke rechts weg nach Willendorf. Dann immer der Vorfahrtsstrasse entlang: Willendorf ==&gt; Kleinbreitenbronn ==&gt; Gro\u00dfbreitenbronn ==&gt; dann Richtung B13. Gleich nach Gro\u00dfbreitenbronn geht&#8217;s dann links weg auf den oben beschriebenen Schotterweg.<\/p>\n<p>Bei Bedarf schicken wir Euch gerne das Kartenmaterial, per Mail zu. Ansonsten kann sicher auch Open Street Map (siehe unten) weiterhelfen.<\/p>\n\n\n\n        <div id=\"map_ol3js_1\"\n             class=\"map undefined\"\n             data-map_name=\"undefined\"\n             data-map=\"map_ol3js_1\"\n             style=\"width:95%;\n                    max-width:100%;\n                    height:450px;\n                    display:block;\n                    overflow:hidden;\n                    border:2px solid grey;\">\n          <div id=\"map_ol3js_1_popup\" class=\"ol-popup\">\n            <a href=\"#\" id=\"map_ol3js_1_popup-closer\" class=\"ol-popup-closer\"><\/a>\n            <div id=\"map_ol3js_1_popup-content\"><\/div>\n          <\/div>\n        <\/div>\n    \n\n\t\t\t\t<script type=\"text\/javascript\">\n\t\t\t\t\ttranslations['openlayer'] = \"open layer\";\n\t\t\t\t\ttranslations['openlayerAtStartup'] = \"open layer at startup\";\n\t\t\t\t\ttranslations['generateLink'] = \"Der Link zur Karte mit ausgew\u00e4hlten Overlays und angezeigtem Ausschnitt\";\n\t\t\t\t\ttranslations['shortDescription'] = \"Kurzbeschreibung\";\n\t\t\t\t\ttranslations['generatedShortCode'] = \"to get a text control link paste this code in your wordpress editor\";\n\t\t\t\t\ttranslations['closeLayer'] = \"close layer\";\n\t\t\t\t\ttranslations['cantGenerateLink'] = \"put this string in the existing map short code to control this map\";\n\t\t\t  <\/script>\n\n\n\t\t\t  <script type=\"text\/javascript\">\n\t\t\t  vectorM['map_ol3js_1'] = [];\n\t        \n        var raster = getTileLayer(\"osm\",\"NoKey\");\t\t\t\n\n\t\t\t  var map_ol3js_1 = new ol.Map({\n\t\t\t\tinteractions: ol.interaction.defaults.defaults({mouseWheelZoom:false}),\n\t\t\t\tlayers: [raster],\n\t\t\t\ttarget: \"map_ol3js_1\",\n\t\t\t\tview: new ol.View({\n\t\t\t\t  center: ol.proj.transform([10.6542,49.2200], \"EPSG:4326\", \"EPSG:3857\"),\n\t\t\t\t  zoom: 14.9\n\t\t\t\t})\n\t\t\t  });\n\t\t\t  osm_addMarkerLayer(map_ol3js_1,10.6578,49.2211,\"https:\/\/www.mf-kleinbreitenbronn.de\/wp-content\/plugins\/osm\/icons\/mic_blue_empty_01.png\",-16,-41,\"<p>MFK Treffen<\/p>\") ; \naddControls2Map(map_ol3js_1,0,0,3,0,5,6,7,0,1);\nosm_addPopupClickhandler(map_ol3js_1,  \"map_ol3js_1\"); \nosm_addMouseHover(map_ol3js_1); <\/script>\n\n\n\n<p><small><a href=\"http:\/\/maps.google.de\/maps?q=49.221227,10.657713&amp;num=1&amp;t=h&amp;hl=de&amp;ie=UTF8&amp;z=14&amp;source=embed\">Gr\u00f6\u00dfere Kartenansicht<\/a><\/small><\/p>\n\n\n\n<p><\/p>\n","protected":false},"excerpt":{"rendered":"<p>\u00a0 Anfahrt zur MFK &#8211; Bikerparty Die Breitenbronner Trinkarena ist gar nicht schwer zu finden ! Gro\u00dfbreitenbronn liegt an der B13 zwischen Ansbach und Gunzenhausen. Von Ansbach kommend f\u00e4hrt man einfach Richtung Gunzenhausen \/ Wei\u00dfenburg \/ M\u00fcnchen. Nach ca. 10 km geht es dann bei Leidendorf links weg Richtung Wolframs-Eschenbach. Dann ca. 2 km und [&hellip;]<\/p>\n","protected":false},"author":1,"featured_media":0,"parent":0,"menu_order":0,"comment_status":"closed","ping_status":"closed","template":"","meta":{"footnotes":""},"class_list":["post-11","page","type-page","status-publish","hentry"],"jetpack_sharing_enabled":true,"_links":{"self":[{"href":"https:\/\/www.mf-kleinbreitenbronn.de\/index.php?rest_route=\/wp\/v2\/pages\/11","targetHints":{"allow":["GET"]}}],"collection":[{"href":"https:\/\/www.mf-kleinbreitenbronn.de\/index.php?rest_route=\/wp\/v2\/pages"}],"about":[{"href":"https:\/\/www.mf-kleinbreitenbronn.de\/index.php?rest_route=\/wp\/v2\/types\/page"}],"author":[{"embeddable":true,"href":"https:\/\/www.mf-kleinbreitenbronn.de\/index.php?rest_route=\/wp\/v2\/users\/1"}],"replies":[{"embeddable":true,"href":"https:\/\/www.mf-kleinbreitenbronn.de\/index.php?rest_route=%2Fwp%2Fv2%2Fcomments&post=11"}],"version-history":[{"count":48,"href":"https:\/\/www.mf-kleinbreitenbronn.de\/index.php?rest_route=\/wp\/v2\/pages\/11\/revisions"}],"predecessor-version":[{"id":695,"href":"https:\/\/www.mf-kleinbreitenbronn.de\/index.php?rest_route=\/wp\/v2\/pages\/11\/revisions\/695"}],"wp:attachment":[{"href":"https:\/\/www.mf-kleinbreitenbronn.de\/index.php?rest_route=%2Fwp%2Fv2%2Fmedia&parent=11"}],"curies":[{"name":"wp","href":"https:\/\/api.w.org\/{rel}","templated":true}]}}