{"id":79,"date":"2011-04-27T12:55:55","date_gmt":"2011-04-27T11:55:55","guid":{"rendered":"http:\/\/localhost\/wp_mfk\/?page_id=79"},"modified":"2024-10-24T19:16:28","modified_gmt":"2024-10-24T18:16:28","slug":"links","status":"publish","type":"page","link":"https:\/\/www.mf-kleinbreitenbronn.de\/?page_id=79","title":{"rendered":"Links"},"content":{"rendered":"<div>\n<h2>Fetz Racing<\/h2>\n<p><a href=\"https:\/\/www.fetz-racing.de\" target=\"_blank\" rel=\"noopener\">Fetz Racing<\/a><\/p>\n<h2>Motorrad &#8211; Clubs<\/h2>\n<p><a href=\"http:\/\/www.mcargoriders.de\/\" target=\"_blank\" rel=\"noopener noreferrer\" data-wplink-edit=\"true\">MC Argo Riders<\/a><br \/>\n<a href=\"http:\/\/www.mscbaenkle.de\/\" target=\"_blank\" rel=\"noopener noreferrer\">MSC B\u00e4nkle Pforzheim<\/a><br \/>\n<a href=\"http:\/\/www.blackmenmc.de\/\" target=\"_blank\" rel=\"noopener noreferrer\">MC Black Men<\/a><br \/>\n<a href=\"http:\/\/www.mc-happurg.de\/\" target=\"_blank\" rel=\"noopener noreferrer\">MC Happurg<\/a><br \/>\n<a href=\"http:\/\/www.mc-obernzenn.de\/\" target=\"_blank\" rel=\"noopener noreferrer\">MC Obernzenn<\/a><br \/>\n<a href=\"http:\/\/www.mc-pilots.de\/\" target=\"_blank\" rel=\"noopener noreferrer\">MC Pilots Eschenbach<\/a><br \/>\n<a href=\"http:\/\/www.mcruegland.de\/\" target=\"_blank\" rel=\"noopener noreferrer\">MC R\u00fcgland<\/a><br \/>\n<a href=\"http:\/\/www.mc-rueckwaerts-gang.de\" target=\"_blank\" rel=\"noopener noreferrer\">MC R\u00fcckw\u00e4rtsgang Buch a.Wald<\/a><br \/>\n<a href=\"http:\/\/www.schwabacher-sandler.de\/\" target=\"_blank\" rel=\"noopener noreferrer\">Schwabacher Sandler<\/a><\/p>\n<h2>Motorradfreunde<\/h2>\n<p><a href=\"http:\/\/www.asphalt-beisser.de\/\" target=\"_blank\" rel=\"noopener noreferrer\">MF Asphalt Beisser<\/a><br \/>\n<a href=\"http:\/\/www.mfgailnau.de\/\" target=\"_blank\" rel=\"noopener noreferrer\">MF Gailnau<\/a><br \/>\n<a href=\"http:\/\/www.mfhaundorf.de\/\" target=\"_blank\" rel=\"noopener noreferrer\">MF Haundorf<\/a><br \/>\n<a href=\"http:\/\/www.mfhillrider.de\/\" target=\"_blank\" rel=\"noopener noreferrer\">MF Hillrider<\/a><br \/>\nMF Kirnberg<br \/>\nRC Oberahorn<br \/>\n<a href=\"http:\/\/www.sunridersmf.de\/\" target=\"_blank\" rel=\"noopener noreferrer\">MF Sunriders<\/a><br \/>\n<a href=\"http:\/\/www.mfvestenberg.de\/\" target=\"_blank\" rel=\"noopener noreferrer\">MF Vestenberg<\/a><\/p>\n<h2>Bands \/ Musik<\/h2>\n<p><a href=\"https:\/\/altmuehlrebellen.de\/\" target=\"_blank\" rel=\"noopener\">Die Altm\u00fchlrebellen<\/a><\/p>\n<\/div>\n","protected":false},"excerpt":{"rendered":"<p>Fetz Racing Fetz Racing Motorrad &#8211; Clubs MC Argo Riders MSC B\u00e4nkle Pforzheim MC Black Men MC Happurg MC Obernzenn MC Pilots Eschenbach MC R\u00fcgland MC R\u00fcckw\u00e4rtsgang Buch a.Wald Schwabacher Sandler Motorradfreunde MF Asphalt Beisser MF Gailnau MF Haundorf MF Hillrider MF Kirnberg RC Oberahorn MF Sunriders MF Vestenberg Bands \/ Musik Die Altm\u00fchlrebellen<\/p>\n","protected":false},"author":1,"featured_media":0,"parent":0,"menu_order":0,"comment_status":"closed","ping_status":"closed","template":"","meta":{"footnotes":""},"class_list":["post-79","page","type-page","status-publish","hentry"],"jetpack_sharing_enabled":true,"_links":{"self":[{"href":"https:\/\/www.mf-kleinbreitenbronn.de\/index.php?rest_route=\/wp\/v2\/pages\/79","targetHints":{"allow":["GET"]}}],"collection":[{"href":"https:\/\/www.mf-kleinbreitenbronn.de\/index.php?rest_route=\/wp\/v2\/pages"}],"about":[{"href":"https:\/\/www.mf-kleinbreitenbronn.de\/index.php?rest_route=\/wp\/v2\/types\/page"}],"author":[{"embeddable":true,"href":"https:\/\/www.mf-kleinbreitenbronn.de\/index.php?rest_route=\/wp\/v2\/users\/1"}],"replies":[{"embeddable":true,"href":"https:\/\/www.mf-kleinbreitenbronn.de\/index.php?rest_route=%2Fwp%2Fv2%2Fcomments&post=79"}],"version-history":[{"count":17,"href":"https:\/\/www.mf-kleinbreitenbronn.de\/index.php?rest_route=\/wp\/v2\/pages\/79\/revisions"}],"predecessor-version":[{"id":660,"href":"https:\/\/www.mf-kleinbreitenbronn.de\/index.php?rest_route=\/wp\/v2\/pages\/79\/revisions\/660"}],"wp:attachment":[{"href":"https:\/\/www.mf-kleinbreitenbronn.de\/index.php?rest_route=%2Fwp%2Fv2%2Fmedia&parent=79"}],"curies":[{"name":"wp","href":"https:\/\/api.w.org\/{rel}","templated":true}]}}